{"id":3818,"date":"2019-06-04T23:07:50","date_gmt":"2019-06-04T21:07:50","guid":{"rendered":"https:\/\/www.husumer-schachverein.de\/?page_id=3818"},"modified":"2024-10-20T18:31:35","modified_gmt":"2024-10-20T16:31:35","slug":"2-nordsee-jugend-cup","status":"publish","type":"page","link":"https:\/\/www.husumer-schachverein.de\/?page_id=3818","title":{"rendered":"2.NordseeJugendCup"},"content":{"rendered":"<p>Der 2.Nordsee Jugend Cup Husum fand am Samstag, den 7.September 2019 statt.<\/p>\n<p><a href=\"https:\/\/www.sjsh.de\/turniere\/grand-prix\/\"> Grand-Prix Gesamtseite der Schachjugend Schleswig-Holstein<\/a><\/p>\n<p><a href=\"http:\/\/chess-results.com\/tnr446461.aspx?lan=0&amp;art=1&#10;\"> Abschlusstabelle U8-U10<\/a><\/p>\n<p><a href=\"http:\/\/chess-results.com\/tnr468253.aspx?lan=0&amp;art=1\"> Abschlusstabelle U12<\/a><\/p>\n<p><a href=\"http:\/\/chess-results.com\/tnr446459.aspx?lan=0&amp;art=1\"> Abschlusstabelle U14-U20<\/a><\/p>\n<p><b>Fundsachen<\/b><\/p>\n<p>Bitte mit m\u00f6glichst genauer Beschreibung oder Bild wenden an<br \/>\nbirger.boyens@t-online.de<br \/>\nDie Bearbeitung bis zur m\u00f6glichen R\u00fccksendung kann sich aus beruflichen Gr\u00fcnden einige Wochen hinziehen, findet aber statt.<\/p>\n<p><b> Ausschreibung <\/b><\/p>\n<p><a href=\"https:\/\/www.dropbox.com\/s\/ur2he4x0zpevi81\/2-nordsee-jugend-cup-husum.pdf?dl=0\"> Ausschreibung <\/a><\/p>\n<p><a href=\"https:\/\/www.husumer-schachverein.de\/wp-content\/uploads\/190821_Ausschreibung-Jugendturnier.pdf\"> Ausschreibung (direkt, ohne dropbox)<\/a><\/p>\n<p><b>Illegale Z\u00fcge<\/b><br \/>\nU14-U20 der Zweite illegale Zug eines Spielers in einer Partie verliert (wenn f\u00fcr den Gegner kein Mattsetzen mehr m\u00f6glich ist, dann Remis)<br \/>\nU12 ebenso, jedoch verliert erst der 3.illegale Zug<br \/>\nU8-U10 ebenso, jedoch verliert erst der 4.illegale Zug<\/p>\n<p>Zeitgutschriften werden nicht gegeben.<\/p>\n<p><strong>Datenschutz<\/strong><\/p>\n<p>Die folgende Datenschutzerkl\u00e4rung<\/p>\n<p><a href=\"https:\/\/www.sjsh.de\/fileadmin\/subpages\/sjsh\/Daten\/WichtigeDokumente\/Datenschutz_der_SJSH.pdf\">https:\/\/www.sjsh.de\/fileadmin\/subpages\/sjsh\/Daten\/WichtigeDokumente\/Datenschutz_der_SJSH.pdf<\/a><\/p>\n<p>ausdrucken,ausf\u00fcllen,unterschreiben und entweder<\/p>\n<p>(1) als Foto\/Scan vorab an Fabian Winker schicken: fabian.winker@sjsh.de<\/p>\n<p>(2) zum Turnier mitbringen<\/p>\n<p>(3) mitreisende Erziehungsberechtigte von Spielern k\u00f6nnen auch vor Ort noch eine Erkl\u00e4rung ausf\u00fcllen<\/p>\n<p>Wenn bei einem vorherigen Grand-Prix-Turnier (Elmshorn, Wilster) schon eine Erkl\u00e4rung eingereicht wurde, braucht keine weitere Erkl\u00e4rung eingereicht zu werden.<\/p>\n<p>Die Erkl\u00e4rung gilt also f\u00fcr die gesamte Grand-Prix Serie<\/p>\n<p>Elmshorn-Wilster-Husum-Kiel-L\u00fcbeck.<\/p>\n","protected":false},"excerpt":{"rendered":"<p>Der 2.Nordsee Jugend Cup Husum fand am Samstag, den 7.September 2019 statt. Grand-Prix Gesamtseite der Schachjugend Schleswig-Holstein Abschlusstabelle U8-U10 Abschlusstabelle U12 Abschlusstabelle U14-U20 Fundsachen Bitte mit m\u00f6glichst genauer Beschreibung oder Bild wenden an birger.boyens@t-online.de Die Bearbeitung bis zur m\u00f6glichen R\u00fccksendung &hellip; <a href=\"https:\/\/www.husumer-schachverein.de\/?page_id=3818\">Weiterlesen <span class=\"meta-nav\">&rarr;<\/span><\/a><\/p>\n","protected":false},"author":6,"featured_media":0,"parent":0,"menu_order":0,"comment_status":"closed","ping_status":"closed","template":"","meta":{"footnotes":""},"class_list":["post-3818","page","type-page","status-publish","hentry"],"_links":{"self":[{"href":"https:\/\/www.husumer-schachverein.de\/index.php?rest_route=\/wp\/v2\/pages\/3818","targetHints":{"allow":["GET"]}}],"collection":[{"href":"https:\/\/www.husumer-schachverein.de\/index.php?rest_route=\/wp\/v2\/pages"}],"about":[{"href":"https:\/\/www.husumer-schachverein.de\/index.php?rest_route=\/wp\/v2\/types\/page"}],"author":[{"embeddable":true,"href":"https:\/\/www.husumer-schachverein.de\/index.php?rest_route=\/wp\/v2\/users\/6"}],"replies":[{"embeddable":true,"href":"https:\/\/www.husumer-schachverein.de\/index.php?rest_route=%2Fwp%2Fv2%2Fcomments&post=3818"}],"version-history":[{"count":20,"href":"https:\/\/www.husumer-schachverein.de\/index.php?rest_route=\/wp\/v2\/pages\/3818\/revisions"}],"predecessor-version":[{"id":7060,"href":"https:\/\/www.husumer-schachverein.de\/index.php?rest_route=\/wp\/v2\/pages\/3818\/revisions\/7060"}],"wp:attachment":[{"href":"https:\/\/www.husumer-schachverein.de\/index.php?rest_route=%2Fwp%2Fv2%2Fmedia&parent=3818"}],"curies":[{"name":"wp","href":"https:\/\/api.w.org\/{rel}","templated":true}]}}